{"id":91,"date":"2023-03-08T17:52:26","date_gmt":"2023-03-08T17:52:26","guid":{"rendered":"https:\/\/emiway.com.ar\/wp2\/?post_type=product&#038;p=91"},"modified":"2025-09-16T19:23:56","modified_gmt":"2025-09-16T19:23:56","slug":"pintura-latex-exterior-interior","status":"publish","type":"product","link":"https:\/\/emiway.com.ar\/wp2\/producto\/pintura-latex-exterior-interior\/","title":{"rendered":"Pintura L\u00e1tex exterior e interior"},"content":{"rendered":"<p>Pintura acr\u00edlica de alta prestaci\u00f3n, que re\u00fane propiedades sobresalientes para ser aplicada en interiores y exteriores.<br \/>\nGran resistencia a la intemperie y al lavado.<br \/>\nImpide la formaci\u00f3n de algas.<br \/>\nAlto rendimiento con buen poder cubritivo.<br \/>\nAdhiere fuertemente sobre superficies de revoque, hormig\u00f3n, ladrillo, yeso, placas de yeso, enduido y superficies ya pintadas.<br \/>\nF\u00e1cil de colorear con entonadores, aplicar a rodillo o pincel.<\/p>\n<p><strong>Rendimiento<\/strong><br \/>\n8-10 m2 por litro y por mano.<br \/>\nDebe usarse con agregado de 10% de agua.<\/p>\n<p><iframe loading=\"lazy\" title=\"YouTube video player\" src=\"https:\/\/www.youtube.com\/embed\/IewLmQnXZys\" width=\"560\" height=\"315\" frameborder=\"0\" allowfullscreen=\"allowfullscreen\"><\/iframe><\/p>\n","protected":false},"excerpt":{"rendered":"<p>Pintura acr\u00edlica de alta prestaci\u00f3n, que re\u00fane propiedades sobresalientes para ser aplicada en interiores y exteriores.<\/p>\n<ul>\n<li>Gran resistencia a la intemperie y al lavado.<\/li>\n<li>Impide la formaci\u00f3n de algas.<\/li>\n<li>Alto rendimiento con buen poder cubritivo.<\/li>\n<li>Adhiere fuertemente sobre superficies de revoque, hormig\u00f3n, ladrillo, yeso, placas de yeso, enduido y superficies ya pintadas.<\/li>\n<li>F\u00e1cil de colorear con entonadores, aplicar a rodillo o pincel.<\/li>\n<\/ul>\n<p><strong>Rendimiento<\/strong><br \/>\n8-10 m2 por litro y por mano.<br \/>\nDebe usarse con agregado de 10% de agua.<\/p>\n","protected":false},"featured_media":92,"comment_status":"open","ping_status":"closed","template":"","meta":{"_joinchat":[]},"product_brand":[],"product_cat":[16],"product_tag":[25,23],"class_list":{"0":"post-91","1":"product","2":"type-product","3":"status-publish","4":"has-post-thumbnail","6":"product_cat-pinturas-latex","7":"product_tag-latex-exterior","8":"product_tag-latex-interior","10":"first","11":"instock","12":"shipping-taxable","13":"purchasable","14":"product-type-variable"},"yoast_head":"<!-- This site is optimized with the Yoast SEO plugin v27.4 - https:\/\/yoast.com\/product\/yoast-seo-wordpress\/ -->\n<title>Pintura L\u00e1tex exterior e interior -<\/title>\n<meta name=\"description\" content=\"Pintura acr\u00edlica de alta prestaci\u00f3n, que re\u00fane propiedades sobresalientes para ser aplicada en interiores y exteriores. Emiway cubre m\u00e1s\" \/>\n<meta name=\"robots\" content=\"index, follow, max-snippet:-1, max-image-preview:large, max-video-preview:-1\" \/>\n<link rel=\"canonical\" href=\"https:\/\/emiway.com.ar\/wp2\/producto\/pintura-latex-exterior-interior\/\" \/>\n<meta property=\"og:locale\" content=\"es_ES\" \/>\n<meta property=\"og:type\" content=\"article\" \/>\n<meta property=\"og:title\" content=\"Pintura L\u00e1tex exterior e interior -\" \/>\n<meta property=\"og:description\" content=\"Pintura acr\u00edlica de alta prestaci\u00f3n, que re\u00fane propiedades sobresalientes para ser aplicada en interiores y exteriores. Emiway cubre m\u00e1s\" \/>\n<meta property=\"og:url\" content=\"https:\/\/emiway.com.ar\/wp2\/producto\/pintura-latex-exterior-interior\/\" \/>\n<meta property=\"article:modified_time\" content=\"2025-09-16T19:23:56+00:00\" \/>\n<meta property=\"og:image\" content=\"https:\/\/emiway.com.ar\/wp2\/wp-content\/uploads\/2023\/03\/latex-ext-int.jpg\" \/>\n\t<meta property=\"og:image:width\" content=\"1000\" \/>\n\t<meta property=\"og:image:height\" content=\"750\" \/>\n\t<meta property=\"og:image:type\" content=\"image\/jpeg\" \/>\n<meta name=\"twitter:card\" content=\"summary_large_image\" \/>\n<meta name=\"twitter:label1\" content=\"Tiempo de lectura\" \/>\n\t<meta name=\"twitter:data1\" content=\"1 minuto\" \/>\n<script type=\"application\/ld+json\" class=\"yoast-schema-graph\">{\"@context\":\"https:\\\/\\\/schema.org\",\"@graph\":[{\"@type\":\"WebPage\",\"@id\":\"https:\\\/\\\/emiway.com.ar\\\/wp2\\\/producto\\\/pintura-latex-exterior-interior\\\/\",\"url\":\"https:\\\/\\\/emiway.com.ar\\\/wp2\\\/producto\\\/pintura-latex-exterior-interior\\\/\",\"name\":\"Pintura L\u00e1tex exterior e interior -\",\"isPartOf\":{\"@id\":\"https:\\\/\\\/emiway.com.ar\\\/wp2\\\/#website\"},\"primaryImageOfPage\":{\"@id\":\"https:\\\/\\\/emiway.com.ar\\\/wp2\\\/producto\\\/pintura-latex-exterior-interior\\\/#primaryimage\"},\"image\":{\"@id\":\"https:\\\/\\\/emiway.com.ar\\\/wp2\\\/producto\\\/pintura-latex-exterior-interior\\\/#primaryimage\"},\"thumbnailUrl\":\"https:\\\/\\\/emiway.com.ar\\\/wp2\\\/wp-content\\\/uploads\\\/2023\\\/03\\\/latex-ext-int.jpg\",\"datePublished\":\"2023-03-08T17:52:26+00:00\",\"dateModified\":\"2025-09-16T19:23:56+00:00\",\"description\":\"Pintura acr\u00edlica de alta prestaci\u00f3n, que re\u00fane propiedades sobresalientes para ser aplicada en interiores y exteriores. Emiway cubre m\u00e1s\",\"breadcrumb\":{\"@id\":\"https:\\\/\\\/emiway.com.ar\\\/wp2\\\/producto\\\/pintura-latex-exterior-interior\\\/#breadcrumb\"},\"inLanguage\":\"es\",\"potentialAction\":[{\"@type\":\"ReadAction\",\"target\":[\"https:\\\/\\\/emiway.com.ar\\\/wp2\\\/producto\\\/pintura-latex-exterior-interior\\\/\"]}]},{\"@type\":\"ImageObject\",\"inLanguage\":\"es\",\"@id\":\"https:\\\/\\\/emiway.com.ar\\\/wp2\\\/producto\\\/pintura-latex-exterior-interior\\\/#primaryimage\",\"url\":\"https:\\\/\\\/emiway.com.ar\\\/wp2\\\/wp-content\\\/uploads\\\/2023\\\/03\\\/latex-ext-int.jpg\",\"contentUrl\":\"https:\\\/\\\/emiway.com.ar\\\/wp2\\\/wp-content\\\/uploads\\\/2023\\\/03\\\/latex-ext-int.jpg\",\"width\":1000,\"height\":750,\"caption\":\"Pintura L\u00e0tex interior exterior\"},{\"@type\":\"BreadcrumbList\",\"@id\":\"https:\\\/\\\/emiway.com.ar\\\/wp2\\\/producto\\\/pintura-latex-exterior-interior\\\/#breadcrumb\",\"itemListElement\":[{\"@type\":\"ListItem\",\"position\":1,\"name\":\"Portada\",\"item\":\"https:\\\/\\\/emiway.com.ar\\\/wp2\\\/\"},{\"@type\":\"ListItem\",\"position\":2,\"name\":\"Tienda\",\"item\":\"https:\\\/\\\/emiway.com.ar\\\/wp2\\\/tienda\\\/\"},{\"@type\":\"ListItem\",\"position\":3,\"name\":\"Pintura L\u00e1tex exterior e interior\"}]},{\"@type\":\"WebSite\",\"@id\":\"https:\\\/\\\/emiway.com.ar\\\/wp2\\\/#website\",\"url\":\"https:\\\/\\\/emiway.com.ar\\\/wp2\\\/\",\"name\":\"\",\"description\":\"\",\"potentialAction\":[{\"@type\":\"SearchAction\",\"target\":{\"@type\":\"EntryPoint\",\"urlTemplate\":\"https:\\\/\\\/emiway.com.ar\\\/wp2\\\/?s={search_term_string}\"},\"query-input\":{\"@type\":\"PropertyValueSpecification\",\"valueRequired\":true,\"valueName\":\"search_term_string\"}}],\"inLanguage\":\"es\"}]}<\/script>\n<!-- \/ Yoast SEO plugin. -->","yoast_head_json":{"title":"Pintura L\u00e1tex exterior e interior -","description":"Pintura acr\u00edlica de alta prestaci\u00f3n, que re\u00fane propiedades sobresalientes para ser aplicada en interiores y exteriores. Emiway cubre m\u00e1s","robots":{"index":"index","follow":"follow","max-snippet":"max-snippet:-1","max-image-preview":"max-image-preview:large","max-video-preview":"max-video-preview:-1"},"canonical":"https:\/\/emiway.com.ar\/wp2\/producto\/pintura-latex-exterior-interior\/","og_locale":"es_ES","og_type":"article","og_title":"Pintura L\u00e1tex exterior e interior -","og_description":"Pintura acr\u00edlica de alta prestaci\u00f3n, que re\u00fane propiedades sobresalientes para ser aplicada en interiores y exteriores. Emiway cubre m\u00e1s","og_url":"https:\/\/emiway.com.ar\/wp2\/producto\/pintura-latex-exterior-interior\/","article_modified_time":"2025-09-16T19:23:56+00:00","og_image":[{"width":1000,"height":750,"url":"https:\/\/emiway.com.ar\/wp2\/wp-content\/uploads\/2023\/03\/latex-ext-int.jpg","type":"image\/jpeg"}],"twitter_card":"summary_large_image","twitter_misc":{"Tiempo de lectura":"1 minuto"},"schema":{"@context":"https:\/\/schema.org","@graph":[{"@type":"WebPage","@id":"https:\/\/emiway.com.ar\/wp2\/producto\/pintura-latex-exterior-interior\/","url":"https:\/\/emiway.com.ar\/wp2\/producto\/pintura-latex-exterior-interior\/","name":"Pintura L\u00e1tex exterior e interior -","isPartOf":{"@id":"https:\/\/emiway.com.ar\/wp2\/#website"},"primaryImageOfPage":{"@id":"https:\/\/emiway.com.ar\/wp2\/producto\/pintura-latex-exterior-interior\/#primaryimage"},"image":{"@id":"https:\/\/emiway.com.ar\/wp2\/producto\/pintura-latex-exterior-interior\/#primaryimage"},"thumbnailUrl":"https:\/\/emiway.com.ar\/wp2\/wp-content\/uploads\/2023\/03\/latex-ext-int.jpg","datePublished":"2023-03-08T17:52:26+00:00","dateModified":"2025-09-16T19:23:56+00:00","description":"Pintura acr\u00edlica de alta prestaci\u00f3n, que re\u00fane propiedades sobresalientes para ser aplicada en interiores y exteriores. Emiway cubre m\u00e1s","breadcrumb":{"@id":"https:\/\/emiway.com.ar\/wp2\/producto\/pintura-latex-exterior-interior\/#breadcrumb"},"inLanguage":"es","potentialAction":[{"@type":"ReadAction","target":["https:\/\/emiway.com.ar\/wp2\/producto\/pintura-latex-exterior-interior\/"]}]},{"@type":"ImageObject","inLanguage":"es","@id":"https:\/\/emiway.com.ar\/wp2\/producto\/pintura-latex-exterior-interior\/#primaryimage","url":"https:\/\/emiway.com.ar\/wp2\/wp-content\/uploads\/2023\/03\/latex-ext-int.jpg","contentUrl":"https:\/\/emiway.com.ar\/wp2\/wp-content\/uploads\/2023\/03\/latex-ext-int.jpg","width":1000,"height":750,"caption":"Pintura L\u00e0tex interior exterior"},{"@type":"BreadcrumbList","@id":"https:\/\/emiway.com.ar\/wp2\/producto\/pintura-latex-exterior-interior\/#breadcrumb","itemListElement":[{"@type":"ListItem","position":1,"name":"Portada","item":"https:\/\/emiway.com.ar\/wp2\/"},{"@type":"ListItem","position":2,"name":"Tienda","item":"https:\/\/emiway.com.ar\/wp2\/tienda\/"},{"@type":"ListItem","position":3,"name":"Pintura L\u00e1tex exterior e interior"}]},{"@type":"WebSite","@id":"https:\/\/emiway.com.ar\/wp2\/#website","url":"https:\/\/emiway.com.ar\/wp2\/","name":"","description":"","potentialAction":[{"@type":"SearchAction","target":{"@type":"EntryPoint","urlTemplate":"https:\/\/emiway.com.ar\/wp2\/?s={search_term_string}"},"query-input":{"@type":"PropertyValueSpecification","valueRequired":true,"valueName":"search_term_string"}}],"inLanguage":"es"}]}},"_links":{"self":[{"href":"https:\/\/emiway.com.ar\/wp2\/wp-json\/wp\/v2\/product\/91","targetHints":{"allow":["GET"]}}],"collection":[{"href":"https:\/\/emiway.com.ar\/wp2\/wp-json\/wp\/v2\/product"}],"about":[{"href":"https:\/\/emiway.com.ar\/wp2\/wp-json\/wp\/v2\/types\/product"}],"replies":[{"embeddable":true,"href":"https:\/\/emiway.com.ar\/wp2\/wp-json\/wp\/v2\/comments?post=91"}],"wp:featuredmedia":[{"embeddable":true,"href":"https:\/\/emiway.com.ar\/wp2\/wp-json\/wp\/v2\/media\/92"}],"wp:attachment":[{"href":"https:\/\/emiway.com.ar\/wp2\/wp-json\/wp\/v2\/media?parent=91"}],"wp:term":[{"taxonomy":"product_brand","embeddable":true,"href":"https:\/\/emiway.com.ar\/wp2\/wp-json\/wp\/v2\/product_brand?post=91"},{"taxonomy":"product_cat","embeddable":true,"href":"https:\/\/emiway.com.ar\/wp2\/wp-json\/wp\/v2\/product_cat?post=91"},{"taxonomy":"product_tag","embeddable":true,"href":"https:\/\/emiway.com.ar\/wp2\/wp-json\/wp\/v2\/product_tag?post=91"}],"curies":[{"name":"wp","href":"https:\/\/api.w.org\/{rel}","templated":true}]}}