{"id":242,"date":"2023-03-09T22:51:09","date_gmt":"2023-03-09T22:51:09","guid":{"rendered":"https:\/\/emiway.com.ar\/wp2\/?post_type=product&#038;p=242"},"modified":"2025-09-12T19:22:55","modified_gmt":"2025-09-12T19:22:55","slug":"revestimiento-texturable","status":"publish","type":"product","link":"https:\/\/emiway.com.ar\/wp2\/producto\/revestimiento-texturable\/","title":{"rendered":"Revestimiento texturable"},"content":{"rendered":"<p class=\"mbr-text mbr-fonts-style display-7\">Revestimiento, multiprop\u00f3sito reemplaza al revoque fino y la pintura. Formulado con pol\u00edmeros acr\u00edlicos en emulsi\u00f3n y minerales seleccionados, que puede ser usado en superficies interiores y exteriores.<\/p>\n<p>\u00d3ptima adherencia sobre distintos tipos de superficies.<br \/>\nPresenta distintos tipos de terminaciones, fina, mediana o gruesa.<br \/>\nSe aplica con esp\u00e1tula, rodillo o llana pl\u00e1stica, de acuerdo al tipo de textura deseada.<br \/>\nResistente a la intemperie, impermeable y flexible.<br \/>\nSe preparan colores por pedido.<\/p>\n<p><strong>Rendimiento<\/strong><br \/>\nDependiendo del tipo de relieve o textura que podr\u00e1 ser grueso o fino, se usaran entre 1 a 3 Kg. por m2.<\/p>\n<p><iframe loading=\"lazy\" title=\"YouTube video player\" src=\"https:\/\/www.youtube.com\/embed\/sbL2EIwpP-4\" width=\"560\" height=\"315\" frameborder=\"0\" allowfullscreen=\"allowfullscreen\"><\/iframe><\/p>\n","protected":false},"excerpt":{"rendered":"<ul>\n<li>Revestimiento, multiprop\u00f3sito reemplaza al revoque fino y la pintura.<\/li>\n<li>\u00d3ptima adherencia sobre distintos tipos de superficies.<\/li>\n<li>Grano fino o grueso.<\/li>\n<li>Se aplica con esp\u00e1tula, rodillo o llana pl\u00e1stica.<\/li>\n<li>Resistente a la intemperie, impermeable y flexible.<strong>Rendimiento<\/strong><br \/>\nDependiendo del tipo de relieve o textura que podr\u00e1 ser grueso o fino, se usaran entre 1 a 3 Kg. por m2.<\/li>\n<\/ul>\n","protected":false},"featured_media":243,"comment_status":"closed","ping_status":"closed","template":"","meta":{"_joinchat":[]},"product_brand":[],"product_cat":[22],"product_tag":[64],"class_list":{"0":"post-242","1":"product","2":"type-product","3":"status-publish","4":"has-post-thumbnail","6":"product_cat-revestimientos","7":"product_tag-tarquini","9":"first","10":"instock","11":"shipping-taxable","12":"purchasable","13":"product-type-variable"},"yoast_head":"<!-- This site is optimized with the Yoast SEO plugin v27.3 - https:\/\/yoast.com\/product\/yoast-seo-wordpress\/ -->\n<title>Revestimiento texturable -<\/title>\n<meta name=\"robots\" content=\"index, follow, max-snippet:-1, max-image-preview:large, max-video-preview:-1\" \/>\n<link rel=\"canonical\" href=\"https:\/\/emiway.com.ar\/wp2\/producto\/revestimiento-texturable\/\" \/>\n<meta property=\"og:locale\" content=\"es_ES\" \/>\n<meta property=\"og:type\" content=\"article\" \/>\n<meta property=\"og:title\" content=\"Revestimiento texturable -\" \/>\n<meta property=\"og:description\" content=\"Revestimiento, multiprop\u00f3sito reemplaza al revoque fino y la pintura.  \u00d3ptima adherencia sobre distintos tipos de superficies.  Grano fino o grueso.  Se aplica con esp\u00e1tula, rodillo o llana pl\u00e1stica.  Resistente a la intemperie, impermeable y flexible.Rendimiento Dependiendo del tipo de relieve o textura que podr\u00e1 ser grueso o fino, se usaran entre 1 a 3 Kg. por m2.\" \/>\n<meta property=\"og:url\" content=\"https:\/\/emiway.com.ar\/wp2\/producto\/revestimiento-texturable\/\" \/>\n<meta property=\"article:modified_time\" content=\"2025-09-12T19:22:55+00:00\" \/>\n<meta property=\"og:image\" content=\"https:\/\/emiway.com.ar\/wp2\/wp-content\/uploads\/2023\/03\/revest-text.jpg\" \/>\n\t<meta property=\"og:image:width\" content=\"1000\" \/>\n\t<meta property=\"og:image:height\" content=\"750\" \/>\n\t<meta property=\"og:image:type\" content=\"image\/jpeg\" \/>\n<meta name=\"twitter:card\" content=\"summary_large_image\" \/>\n<meta name=\"twitter:label1\" content=\"Tiempo de lectura\" \/>\n\t<meta name=\"twitter:data1\" content=\"1 minuto\" \/>\n<script type=\"application\/ld+json\" class=\"yoast-schema-graph\">{\"@context\":\"https:\\\/\\\/schema.org\",\"@graph\":[{\"@type\":\"WebPage\",\"@id\":\"https:\\\/\\\/emiway.com.ar\\\/wp2\\\/producto\\\/revestimiento-texturable\\\/\",\"url\":\"https:\\\/\\\/emiway.com.ar\\\/wp2\\\/producto\\\/revestimiento-texturable\\\/\",\"name\":\"Revestimiento texturable -\",\"isPartOf\":{\"@id\":\"https:\\\/\\\/emiway.com.ar\\\/wp2\\\/#website\"},\"primaryImageOfPage\":{\"@id\":\"https:\\\/\\\/emiway.com.ar\\\/wp2\\\/producto\\\/revestimiento-texturable\\\/#primaryimage\"},\"image\":{\"@id\":\"https:\\\/\\\/emiway.com.ar\\\/wp2\\\/producto\\\/revestimiento-texturable\\\/#primaryimage\"},\"thumbnailUrl\":\"https:\\\/\\\/emiway.com.ar\\\/wp2\\\/wp-content\\\/uploads\\\/2023\\\/03\\\/revest-text.jpg\",\"datePublished\":\"2023-03-09T22:51:09+00:00\",\"dateModified\":\"2025-09-12T19:22:55+00:00\",\"breadcrumb\":{\"@id\":\"https:\\\/\\\/emiway.com.ar\\\/wp2\\\/producto\\\/revestimiento-texturable\\\/#breadcrumb\"},\"inLanguage\":\"es\",\"potentialAction\":[{\"@type\":\"ReadAction\",\"target\":[\"https:\\\/\\\/emiway.com.ar\\\/wp2\\\/producto\\\/revestimiento-texturable\\\/\"]}]},{\"@type\":\"ImageObject\",\"inLanguage\":\"es\",\"@id\":\"https:\\\/\\\/emiway.com.ar\\\/wp2\\\/producto\\\/revestimiento-texturable\\\/#primaryimage\",\"url\":\"https:\\\/\\\/emiway.com.ar\\\/wp2\\\/wp-content\\\/uploads\\\/2023\\\/03\\\/revest-text.jpg\",\"contentUrl\":\"https:\\\/\\\/emiway.com.ar\\\/wp2\\\/wp-content\\\/uploads\\\/2023\\\/03\\\/revest-text.jpg\",\"width\":1000,\"height\":750,\"caption\":\"Revestiminieto texturable tipo Tarquini\"},{\"@type\":\"BreadcrumbList\",\"@id\":\"https:\\\/\\\/emiway.com.ar\\\/wp2\\\/producto\\\/revestimiento-texturable\\\/#breadcrumb\",\"itemListElement\":[{\"@type\":\"ListItem\",\"position\":1,\"name\":\"Portada\",\"item\":\"https:\\\/\\\/emiway.com.ar\\\/wp2\\\/\"},{\"@type\":\"ListItem\",\"position\":2,\"name\":\"Tienda\",\"item\":\"https:\\\/\\\/emiway.com.ar\\\/wp2\\\/tienda\\\/\"},{\"@type\":\"ListItem\",\"position\":3,\"name\":\"Revestimiento texturable\"}]},{\"@type\":\"WebSite\",\"@id\":\"https:\\\/\\\/emiway.com.ar\\\/wp2\\\/#website\",\"url\":\"https:\\\/\\\/emiway.com.ar\\\/wp2\\\/\",\"name\":\"\",\"description\":\"\",\"potentialAction\":[{\"@type\":\"SearchAction\",\"target\":{\"@type\":\"EntryPoint\",\"urlTemplate\":\"https:\\\/\\\/emiway.com.ar\\\/wp2\\\/?s={search_term_string}\"},\"query-input\":{\"@type\":\"PropertyValueSpecification\",\"valueRequired\":true,\"valueName\":\"search_term_string\"}}],\"inLanguage\":\"es\"}]}<\/script>\n<!-- \/ Yoast SEO plugin. -->","yoast_head_json":{"title":"Revestimiento texturable -","robots":{"index":"index","follow":"follow","max-snippet":"max-snippet:-1","max-image-preview":"max-image-preview:large","max-video-preview":"max-video-preview:-1"},"canonical":"https:\/\/emiway.com.ar\/wp2\/producto\/revestimiento-texturable\/","og_locale":"es_ES","og_type":"article","og_title":"Revestimiento texturable -","og_description":"Revestimiento, multiprop\u00f3sito reemplaza al revoque fino y la pintura.  \u00d3ptima adherencia sobre distintos tipos de superficies.  Grano fino o grueso.  Se aplica con esp\u00e1tula, rodillo o llana pl\u00e1stica.  Resistente a la intemperie, impermeable y flexible.Rendimiento Dependiendo del tipo de relieve o textura que podr\u00e1 ser grueso o fino, se usaran entre 1 a 3 Kg. por m2.","og_url":"https:\/\/emiway.com.ar\/wp2\/producto\/revestimiento-texturable\/","article_modified_time":"2025-09-12T19:22:55+00:00","og_image":[{"width":1000,"height":750,"url":"https:\/\/emiway.com.ar\/wp2\/wp-content\/uploads\/2023\/03\/revest-text.jpg","type":"image\/jpeg"}],"twitter_card":"summary_large_image","twitter_misc":{"Tiempo de lectura":"1 minuto"},"schema":{"@context":"https:\/\/schema.org","@graph":[{"@type":"WebPage","@id":"https:\/\/emiway.com.ar\/wp2\/producto\/revestimiento-texturable\/","url":"https:\/\/emiway.com.ar\/wp2\/producto\/revestimiento-texturable\/","name":"Revestimiento texturable -","isPartOf":{"@id":"https:\/\/emiway.com.ar\/wp2\/#website"},"primaryImageOfPage":{"@id":"https:\/\/emiway.com.ar\/wp2\/producto\/revestimiento-texturable\/#primaryimage"},"image":{"@id":"https:\/\/emiway.com.ar\/wp2\/producto\/revestimiento-texturable\/#primaryimage"},"thumbnailUrl":"https:\/\/emiway.com.ar\/wp2\/wp-content\/uploads\/2023\/03\/revest-text.jpg","datePublished":"2023-03-09T22:51:09+00:00","dateModified":"2025-09-12T19:22:55+00:00","breadcrumb":{"@id":"https:\/\/emiway.com.ar\/wp2\/producto\/revestimiento-texturable\/#breadcrumb"},"inLanguage":"es","potentialAction":[{"@type":"ReadAction","target":["https:\/\/emiway.com.ar\/wp2\/producto\/revestimiento-texturable\/"]}]},{"@type":"ImageObject","inLanguage":"es","@id":"https:\/\/emiway.com.ar\/wp2\/producto\/revestimiento-texturable\/#primaryimage","url":"https:\/\/emiway.com.ar\/wp2\/wp-content\/uploads\/2023\/03\/revest-text.jpg","contentUrl":"https:\/\/emiway.com.ar\/wp2\/wp-content\/uploads\/2023\/03\/revest-text.jpg","width":1000,"height":750,"caption":"Revestiminieto texturable tipo Tarquini"},{"@type":"BreadcrumbList","@id":"https:\/\/emiway.com.ar\/wp2\/producto\/revestimiento-texturable\/#breadcrumb","itemListElement":[{"@type":"ListItem","position":1,"name":"Portada","item":"https:\/\/emiway.com.ar\/wp2\/"},{"@type":"ListItem","position":2,"name":"Tienda","item":"https:\/\/emiway.com.ar\/wp2\/tienda\/"},{"@type":"ListItem","position":3,"name":"Revestimiento texturable"}]},{"@type":"WebSite","@id":"https:\/\/emiway.com.ar\/wp2\/#website","url":"https:\/\/emiway.com.ar\/wp2\/","name":"","description":"","potentialAction":[{"@type":"SearchAction","target":{"@type":"EntryPoint","urlTemplate":"https:\/\/emiway.com.ar\/wp2\/?s={search_term_string}"},"query-input":{"@type":"PropertyValueSpecification","valueRequired":true,"valueName":"search_term_string"}}],"inLanguage":"es"}]}},"_links":{"self":[{"href":"https:\/\/emiway.com.ar\/wp2\/wp-json\/wp\/v2\/product\/242","targetHints":{"allow":["GET"]}}],"collection":[{"href":"https:\/\/emiway.com.ar\/wp2\/wp-json\/wp\/v2\/product"}],"about":[{"href":"https:\/\/emiway.com.ar\/wp2\/wp-json\/wp\/v2\/types\/product"}],"replies":[{"embeddable":true,"href":"https:\/\/emiway.com.ar\/wp2\/wp-json\/wp\/v2\/comments?post=242"}],"wp:featuredmedia":[{"embeddable":true,"href":"https:\/\/emiway.com.ar\/wp2\/wp-json\/wp\/v2\/media\/243"}],"wp:attachment":[{"href":"https:\/\/emiway.com.ar\/wp2\/wp-json\/wp\/v2\/media?parent=242"}],"wp:term":[{"taxonomy":"product_brand","embeddable":true,"href":"https:\/\/emiway.com.ar\/wp2\/wp-json\/wp\/v2\/product_brand?post=242"},{"taxonomy":"product_cat","embeddable":true,"href":"https:\/\/emiway.com.ar\/wp2\/wp-json\/wp\/v2\/product_cat?post=242"},{"taxonomy":"product_tag","embeddable":true,"href":"https:\/\/emiway.com.ar\/wp2\/wp-json\/wp\/v2\/product_tag?post=242"}],"curies":[{"name":"wp","href":"https:\/\/api.w.org\/{rel}","templated":true}]}}